u) = -85800*u - 1372796. What is z(-16)?
4
Let g(y) = 2368*y + 69798. Calculate g(-29).
1126
Let x(s) = s**3 + 22*s**2 + 129*s + 1021. Calculate x(-18).
-5
Let y(i) = -5*i**2 + 6881*i - 216376. Give y(1344).
8
Let v(c) = 46*c**2 + 11663*c + 6321. Give v(-253).
-4
Let r(o) = -o**3 + 24*o**2 - 115*o + 253. Determine r(19).
-127
Let v(f) = -2*f**3 + 127*f**2 - 182*f - 225. What is v(62)?
23
Let d(l) = 10*l**3 + 3*l**2 - 4*l - 10. Calculate d(2).
74
Let f(a) = 912*a + 75728. Determine f(-83).
32
Let s(t) = -2*t**3 + 46*t**2 - 436*t + 37. Determine s(14).
-2539
Let d(h) = 9*h - 681. Give d(-59).
-1212
Let f(q) = 6*q**3 - 41*q**2 - 1618*q + 11259. What is f(7)?
-18
Let g(b) = -2*b**2 - 553*b - 13342. Give g(-27).
131
Let w(f) = -f**3 + 17*f**2 + 151*f - 1418. What is w(21)?
-11
Let n(i) = 6086*i + 693798. Give n(-114).
-6
Let a(z) = z**3 - 81*z**2 - 3036*z + 229156. Give a(85).
-4
Let o(r) = -6191*r - 3999361. Calculate o(-646).
25
Let o(s) = 6200*s - 30791. Calculate o(5).
209
Let l(s) = s**3 + 78*s**2 + 704*s + 1128. Give l(-68).
-504
Let j(v) = 6*v**3 - 3*v**2 - 184*v - 61. Calculate j(6).
23
Let o(n) = -n**3 + 2*n**2 - 12*n - 53. Give o(-6).
307
Let h(a) = -26215*a + 131065. Calculate h(5).
-10
Let g(b) = -b**3 + 11*b**2 - 135*b + 1767. Give g(12).
3
Let l(w) = -21*w**2 + 344*w + 6902. Give l(28).
70
Let f(u) = 13*u**3 + 377*u**2 + 2712*u - 4. Give f(-15).
266
Let h(c) = 3216*c - 222171. Calculate h(69).
-267
Let k(z) = z**3 + 9*z**2 - 335*z - 601. What is k(-22)?
477
Let a(i) = 7018*i + 14629. What is a(-2)?
593
Let z(q) = 44*q**3 + 437*q**2 + 404*q + 4355. Determine z(-10).
15
Let t(z) = 157*z - 10615. What is t(68)?
61
Let g(v) = -4*v**2 - 11638*v + 293454. Give g(25).
4
Let y(o) = 1024*o - 59415. Calculate y(58).
-23
Let i(z) = -3866*z**2 - 11619*z - 17. Give i(-3).
46
Let h(w) = 29660*w + 563418. What is h(-19)?
-122
Let b(o) = 10321*o - 46. Determine b(0).
-46
Let m(w) = 20673*w + 10129778. Calculate m(-490).
8
Let h(m) = -9293*m + 5129767. Calculate h(552).
31
Let m(f) = 142*f**2 - 3620*f + 3618. Determine m(1).
140
Let x(t) = 88110*t - 792998. Calculate x(9).
-8
Let v(q) = 203892*q - 1223693. What is v(6)?
-341
Let v(f) = -157*f - 8138. What is v(-49)?
-445
Let g(q) = 31816*q + 63947. Determine g(-2).
315
Let t(g) = -4*g**3 + 40*g**2 + 183*g - 1639. Calculate t(10).
191
Let y(o) = 2*o**3 + 99*o**2 - 717*o + 479. Give y(-56).
-137
Let m(s) = -27*s**2 - 3409*s + 6055. Calculate m(-128).
39
Let n(s) = -s**2 - 3538*s - 31766. Give n(-9).
-5
Let g(u) = -10011*u + 160088. What is g(16)?
-88
Let o(y) = -23655*y - 94718. Give o(-4).
-98
Let r(o) = -2920*o + 2865. Give r(1).
-55
Let f(q) = q**3 + 34*q**2 + 289*q + 197. What is f(-12)?
-103
Let r(p) = -p**3 - 133*p**2 - 763*p + 1624. What is r(-127)?
1751
Let s(r) = 127*r**3 + 2*r**2 - 8311*r - 8312. What is s(-1)?
-126
Let i(h) = -226*h - 6392. Calculate i(-28).
-64
Let z(r) = -849*r + 163482. What is z(192)?
474
Let l(o) = -o**3 + 1104*o**2 - 6558*o - 32923. Calculate l(1098).
17
Let f(r) = -r**3 + 56*r**2 + 573*r + 84. What is f(-9)?
192
Let o(g) = -3*g**2 - 411*g - 2007. Calculate o(-5).
-27
Let k(q) = -495*q - 12992. Give k(-25).
-617
Let l(z) = -z**3 + 322*z**2 - 1952*z - 77. What is l(6)?
-413
Let o(r) = r**3 - 52*r**2 - 4057*r - 2662. Determine o(95).
-2
Let i(r) = 4*r**3 - 47*r**2 - 132*r + 9. Give i(-3).
-126
Let v(a) = -3*a**3 + 2*a**2 - 166*a - 90. What is v(0)?
-90
Let r(n) = 2203*n - 185050. What is r(84)?
2
Let t(k) = 2*k**2 - 10069*k - 518729. Calculate t(-51).
-8
Let w(h) = -14887*h - 74484. What is w(-5)?
-49
Let r(c) = -c**3 - 52*c**2 + 470*c + 19535. What is r(-54)?
-13
Let i(r) = -22*r**2 - 70*r - 845. Calculate i(-7).
-1433
Let s(h) = 5*h**2 + 19*h - 67. Give s(-14).
647
Let q(n) = -n**2 + 1844*n - 36431. Calculate q(20).
49
Let o(n) = 169*n**2 + 1305*n + 859. What is o(-7)?
5
Let l(f) = 2346*f - 42380. Determine l(18).
-152
Let s(g) = g**3 - 164*g**2 - 266*g + 16681. Give s(165).
16
Let n(c) = -15*c**2 - 180*c + 46. What is n(-14)?
-374
Let w(f) = -f**2 + 40813*f + 244943. What is w(-6)?
29
Let z(c) = 249*c**2 + 2232*c - 50. Calculate z(-9).
31
Let r(d) = d**2 - 5615*d - 118431. Calculate r(-21).
-75
Let d(n) = 2*n**3 - 2*n**2 + 5*n - 59. Determine d(6).
331
Let v(h) = -h**2 + 399*h - 11451. Give v(371).
-1063
Let w(m) = 267*m + 6900. Calculate w(-27).
-309
Let u(q) = 2207*q + 13177. Determine u(-6).
-65
Let x(m) = -m**3 + 9*m**2 + 18*m - 754. Calculate x(-8).
190
Let g(v) = -2*v**2 + 29*v + 93808. Give g(224).
-48
Let l(a) = 733*a - 7777. Calculate l(10).
-447
Let j(p) = -17*p**3 - 2*p**2 + 22*p - 35. What is j(3)?
-446
Let w(u) = -3*u**3 - 13*u**2 + 11*u + 14. What is w(-5)?
9
Let x(v) = 704091*v - 3. Give x(0).
-3
Let a(q) = q**2 - 6017*q + 451522. Give a(76).
6
Let d(t) = -2947*t - 76572. Give d(-26).
50
Let t(j) = 38791*j + 3219692. Calculate t(-83).
39
Let m(p) = -2*p**3 - 25*p**2 - 167*p. What is m(-6)?
534
Let y(i) = -2*i**2 + 150*i + 2798. What is y(90)?
98
Let n(m) = -52*m**3 + 4*m**2 - 13*m + 16. Calculate n(2).
-410
Let f(p) = -p**3 - 8*p**2 + 19073*p + 57253. What is f(-3)?
-11
Let l(s) = 35*s**2 + 866*s - 202. What is l(-25)?
23
Let h(y) = y**3 - 52*y**2 - 67*y + 18. Give h(53).
-724
Let s(p) = -463*p**2 - 22226*p - 118. Give s(-48).
-22
Let b(p) = -p**3 - 50*p**2 + 53*p + 397. What is b(-51)?
295
Let l(h) = -2*h**2 - 93*h + 3592. Calculate l(28).
-580
Let r(f) = 2243*f + 40444. Calculate r(-18).
70
Let n(x) = 2*x**2 + 2*x - 26696. Determine n(-116).
-16
Let i(r) = -1588*r - 81890. Determine i(-52).
686
Let s(v) = 917*v + 1677. What is s(-2)?
-157
Let g(s) = 989*s - 134412. Determine g(136).
92
Let y(a) = 2*a**3 - 75*a**2 + 6*a + 1172. Determine y(37).
25
Let a(q) = 2165*q - 714518. Give a(330).
-68
Let l(k) = k**3 - 90*k**2 + 500*k + 343. What is l(84)?
7
Let d(k) = k**3 + 360*k**2 + 18943*k + 606. Calculate d(-296).
902
Let j(k) = -310*k - 143867. What is j(-464)?
-27
Let i(l) = -l**3 + 2*l**2 + 27*l - 69. Determine i(-6).
57
Let a(q) = 905294*q + 905291. What is a(-1)?
-3
Let k(r) = 1942*r - 23419. Determine k(12).
-115
Let z(o) = -2*o**3 - 334*o**2 + 332*o + 1319. Determine z(-168).
1991
Let s(x) = x**3 - 67*x**2 - 97*x - 2809. Give s(69).
20
Let q(s) = -s**3 - 27*s**2 - 2805*s - 83016. What is q(-29)?
11
Let f(s) = -2*s**3 - 578*s**2 + 1149*s - 1071. Determine f(-291).
3294
Let q(f) = -4*f**2 + 157417*f - 629618. Give q(4).
-14
Let n(g) = g**2 + 73*g - 30870. Determine n(143).
18
Let m(z) = z**2 - 55*z - 1488. Give m(69).
-522
Let r(o) = -o**3 - 157*o**2 + 222*o - 15550. What is r(-159)?
-286
Let t(i) = -1599*i**2 - 3197*i + 5. Calculate t(-2).
3
Let p(j) = 82*j**3 + 43*j**2 - 755*j + 711. What is p(1)?
81
Let w(y) = y**3 - 25*y**2 + 91*y - 743. Give w(28).
4157
Let z(t) = -2*t**2 + 484*t + 21792. Calculate z(282).
-768
Let o(c) = -2*c**3 + 71*c**2 - 586*c + 15266. Give o(34).
-1190
Let n(m) = m**3 - 74*m**2 + 1043*m - 70819. Determine n(73).
-9
Let k(d) = 103*d**2 - 1021*d - 46. What is k(10)?
44
Let z(n) = -55*n**2 + 510*n + 3114. What is z(-4)?
194
Let s(m) = 2509544*m + 2509539. Give s(-1).
-5
Let t(l) = -351*l - 4741. Calculate t(-20).
2279
Let b(h) = h**2 + 413364*h - 3306994. Determine b(8).
-18
Let r(w) = -12*w**3 - 98*w**2 - 8295*w - 66246. What is r(-8)?
-14
Let j(l) = -l**2 + 101*l - 1398. What is j(18)?
96
Let g(p) = -p**2 - 4351*p + 60884. Calculate g(14).
-226
Let a(t) = 1330*t + 12139. What is a(-9)?
169
Let d(n) = -5*n**2 - 32*n + 575. Calculate d(8).
-1
Let u(z) = z**3 - 97*z**2 - 2336*z - 399. Calculate u(117).
69
Let z(y) = -y**3 - 8385*y**2 + 33552*y + 24. Determine z(4).
8
Let s(o) = 16762*o + 99230. Determine s(-6).
-1342
Let a(r) = -2*r**3 + 272*r**2 + 845*r - 572. Calculate a(139).
957
Let j(i) = 14604*i - 73027. Give j(5).
-7
Let j(m) = -m**3 - 28*m**2 - 216*m - 461. Give j(-7).
22
Let b(u) = u**3 + 64*u**2 + 723*u + 254. What is b(-14)?
-68
Let q(g) = g**3 - 608*g**2 - 30072*g + 544. Determine q(-46).
-8
Let k(q) = -12432*q + 149228. Calculate k(12).
44
Let c(d) = -292*d + 3424. Calculate c(8).
1088
Let f(p) = p**3 + 1398*p**2 + 3106*p + 623. Determine f(-2).
-5
Let f(b) = 3*b**3 - 367*b**2 + 114*b + 1141. Calculate f(122).
165
Let n(v) = -2*v**3 - 115*v**2 + 5973*v + 21. What is n(33)?
21
Let m(f) = 1108469*f + 2216945. What